33. Suppose -l = -5*f - 7482, 37382 = 5*l - 12*f + b*f. Is l a composite number?
False
Let x = 30584 + -19291. Is x a composite number?
True
Let a(g) = 4*g - 18. Let q be a(5). Suppose 15 = -5*w, -t + q = -6*t - 4*w. Suppose -4*r - 239 = -3*f - t*r, 3*r - 347 = -4*f. Is f composite?
False
Let u(m) = -3*m**3 + 39*m - 2 - 39*m - 4*m**2. Let f be u(-2). Suppose f*t = 14*t - 10072. Is t a prime number?
True
Let h = 347326 - -14677. Is h composite?
False
Let f be (4 - (-1 + -1)) + 10 + -7. Let d = f + -3. Suppose -5*c - 4*z + 1028 = -15, 2*z + d = 0. Is c composite?
False
Suppose 290*n - 287*n + 3 = 0, 2*n + 42964 = w. Is w a composite number?
True
Let b = 983329 - 550828. Is b a prime number?
False
Suppose 18*q - 353770 = q. Suppose -q = -10*u + 8*u. Is u prime?
False
Let i(y) = -84465*y + 7868. Is i(-5) a composite number?
False
Let r = -158 + 162. Suppose 14*f - 19*f + 2583 = d, 4*f - 2076 = r*d. Is f prime?
False
Suppose 0 = -120*y + 58*y + 1217618. Is y a prime number?
False
Let n = 474346 + -272855. Is n a composite number?
False
Let w = -34378 + 61179. Is w a prime number?
True
Suppose -3*q + 5*m - 278 = -1862, 5*q + m - 2668 = 0. Suppose -2*z + q = -761. Is z prime?
True
Let i(w) = w**3 - 2*w**2 - 30*w - 12. Let x be i(-20). Is (3/(-6))/(1 + 8214/x) a prime number?
True
Let y = 161479 + 3160. Is y a prime number?
False
Suppose -146 = -20*x + 174. Suppose x*u - 1354 = 3558. Is u prime?
True
Let f(z) = 1685*z**2 - 9*z + 30. Is f(-31) composite?
True
Suppose -5*a + 90799 = r + r, -10 = -5*r. Suppose -39283 = -22*p + a. Is p a composite number?
True
Is (60/12 + (-78)/18)/(4/342690) composite?
True
Let z(s) = -6*s**3 + 2*s**2 + 3*s - 24. Let y = 257 + -264. Is z(y) prime?
True
Suppose 5*s + 134 = 154. Let a = 22 - s. Is (27/a)/((-7030)/7036 - -1) a composite number?
False
Let f be (5 - -1)/3 - -2076. Let h(y) = 172*y + 19. Let c be h(6). Let s = f - c. Is s prime?
False
Let p = 67 - 66. Let c(d) = 1985*d + 1803*d - 2 + 0 - p. Is c(1) a prime number?
False
Let q = -66 + 61. Let t(o) = 46*o**3 - 6*o**2 - 3*o + 6. Let j be t(q). Let s = -4005 - j. Is s a prime number?
False
Suppose 4*g + 0 = 20, -2*g - 15612 = 2*q. Let d = q + 27546. Is d prime?
False
Suppose -3*h + 295 = -590. Suppose -h = 3*v + 35. Let b = 433 + v. Is b a composite number?
True
Suppose 5*y = 4*c + 79493 - 300005, y = 4. Is c composite?
True
Let h(m) = 22*m**2 - 12*m**2 - m**3 + 22*m**2 - 29 + 68*m + m. Is h(32) a composite number?
False
Let c(z) = 46*z + 10 - 23 + 7*z**2 - 9. Is c(9) prime?
False
Let l(m) = 2*m**2 + 4*m - 16. Let x = -16 - -11. Let d be l(x). Is (-8)/d + 116649/63 a composite number?
True
Let s = 42 - 29. Suppose -581 = -s*o + 1889. Let u = o + -93. Is u composite?
False
Suppose -x + 2*y + 3505101 = 0, 5*x - 5168423 - 12357159 = -y. Is x composite?
True
Suppose r + 3*g = -2564, -3*r + 0*g - 5*g - 7708 = 0. Let q = 431 - r. Is q a composite number?
True
Suppose 3*y = -a + 32992, 53026 = 3*a + 2*y - 45943. Is a prime?
False
Suppose 10 = -2*t + 4*k, 4*k - 6 = -2*t + 8. Suppose -32*j - t = -33*j. Is -4 + (-3)/j + 492 a prime number?
False
Let d = 4192326 + -2925383. Is d prime?
True
Let d be ((-5)/(-10))/((-19)/(-6) + -3). Suppose 0*c - 2*c = -3*h - 1747, -d*c + 2646 = 4*h. Is (-2 - c/(-4))*20/30 a composite number?
True
Suppose 0 = -i + 8 - 25. Let a(f) = -14*f + 16. Let v be a(i). Let r = v - 171. Is r a prime number?
True
Let b(g) = 2431*g**2 - 11*g - 38. Let v be b(-7). Suppose 72*d = 46*d + v. Is d prime?
True
Suppose -4013 + 125 = -16*s. Let x = s - -2714. Is x a composite number?
False
Suppose 4*a + 6*x - 384878 = 0, -7*x + 481093 = 5*a - 4*x. Is a a composite number?
True
Suppose -4*d - 13 = -33. Let p(t) = 34*t**2 - 16*t + 17. Is p(d) composite?
False
Let o(w) = 3*w**3 - 126*w**2 + 52*w + 233. Is o(44) a prime number?
False
Let k be (-4)/(-10) + (-423)/45. Let c be 2/(k/(-6) + -1). Suppose -3*x - o + 34 = 0, -2*o - 57 = -5*x - c*o. Is x prime?
True
Let z = -30 - -32. Suppose 3*m + 6 = 0, m = w - z*m - 200745. Is w/119 + (-4)/(-34) composite?
True
Suppose -6*q - k + 62 = -3*q, 3*k - 66 = -3*q. Suppose -52*v = -q*v - 38752. Is v prime?
False
Let r(x) be the third derivative of 139*x**5/30 + x**4/12 - 17*x**3/6 - 2*x**2 + 27. Is r(-7) a composite number?
False
Let x(j) = -2347*j**3 - 10*j**2 + 32*j - 203. Is x(-8) prime?
False
Suppose 223154 + 89399 = 10*s - 337137. Is s composite?
False
Let s(y) = -10*y**2 - 3*y - 15. Let j be s(5). Let o be j/(-16)*4/10. Suppose -2*v - o = -677. Is v a prime number?
False
Let b be 0/21 + 1 + -13184. Is 40/(-140) - b*(-2)/(-14) a prime number?
False
Is 64213*3*(9/6 + (-35)/30) a prime number?
False
Let t(u) = -u**3 + 5*u**2 + 16*u + 5. Let y be t(7). Suppose 0 = y*p - 694001 - 87260. Is p prime?
False
Let n(a) = -a + 7. Let j be n(7). Is ((-7304 + j)/(-4))/(-1 - -3) prime?
False
Let s(l) = l**2 + 8*l + 13. Suppose -30 = 12*y + 30. Let r be s(y). Is r - -1 - 4*1389/(-2) prime?
True
Let u(i) be the second derivative of 7/12*i**4 + 13/2*i**2 + 14*i - 1/3*i**3 + 0. Is u(6) a composite number?
True
Suppose 0 = 170*q - 161*q - 337694 + 46085. Is q a prime number?
True
Suppose 1447 + 2335 = 2*q. Suppose q - 211 = 3*r. Suppose -r = -g + 6. Is g a composite number?
True
Suppose 0 = 99*r - 104*r + 660710. Is r composite?
True
Let n(q) = -q**2 - 22*q - 28. Let j be n(-19). Let r(k) = k**3 - 27*k**2 + 40*k - 16. Let m be r(j). Suppose 0 = -12*f - m + 9054. Is f prime?
False
Let k be 537/9 + ((-20)/(-15) - 1). Suppose -k = 5*r - 3*y, -2*r + 5*y + 3 = 8. Is (-4767)/(-5) - (-6)/r composite?
False
Let t(k) = 589*k**3 - 114*k**2 + 478*k - 3. Is t(4) prime?
True
Let c = 161727 + -67172. Is c composite?
True
Suppose -8523775 = -440*b + 415*b. Is b a composite number?
True
Let f(z) = -543*z**2 - 5*z - 2. Let s(t) = -3257*t**2 - 29*t - 11. Let r(w) = 34*f(w) - 6*s(w). Is r(1) a prime number?
False
Is (-4)/((-96)/721912)*(5 - 2) composite?
False
Let s(m) = 102*m**2 - 89*m - 981. Is s(-10) a prime number?
False
Let j(n) = 2*n**3 - 7*n**2 - 6*n - 7. Let k be j(7). Let w = k + -1209. Is 0 + 2*w/(-6) a prime number?
False
Let b be (50/(-125))/((-79407)/(-79410) + -1). Suppose b = 17*p - 357411. Is p composite?
False
Let j(g) = 275*g - 94. Is j(4) composite?
True
Let a(s) = -6*s**3 - 4*s**2 - 12*s + 9. Let r be a(-6). Suppose -5*y = -11498 + r. Is y a composite number?
False
Let g be 1/(2*3/(-31098)). Let s = g - -9846. Is s a prime number?
True
Suppose 0 = 4*n - 3*q - 2753998, -6*q = 5*n - 10*q - 3442499. Is n a prime number?
False
Let h(p) = -p**3 + 4*p**2 + 13*p - 9. Let s = -22 - -30. Let d be h(s). Let o = d - -604. Is o prime?
True
Let f(k) = 814*k**2 + 60*k + 913. Is f(-13) composite?
False
Let n be (12/10)/((-1)/(-5)). Let s(r) = -7 + 7*r - 31*r + 18*r + 19*r + 20*r. Is s(n) composite?
False
Let v be 4/12 + 10/6. Suppose -7*x - 18423 = -m - v*x, 4 = 2*x. Is m prime?
True
Let g(x) = -640*x**3 - 18*x**2 + 10*x + 61. Is g(-4) composite?
False
Is (-54 + 53)/(381879/190941 + -2) prime?
True
Let f(k) = 3*k**3 + 134*k**2 - 72*k + 57. Is f(-34) a prime number?
False
Let t be 0 - 1 - (-10 - -6). Suppose 36*f = 47*f - 22. Suppose -t*d - f*r + 1455 = -0*d, -3*r = -4*d + 1940. Is d prime?
False
Let j(i) = i**3 + 6*i**2 - 6. Let x be j(-6). Let s(b) = b**3 + 6*b**2 - 2*b - 9. Let l be s(x). Is ((-2 - 0) + 115)*l a composite number?
True
Is 22857/1 - ((-16)/(-24) + 30/9) composite?
False
Let q(n) = 45*n**3 - 8*n**2 - 134*n + 1598. Is q(11) prime?
True
Suppose 2*k - 30 = -24. Suppose -6*i - 47985 = -5*z - 2*i, k*z = -4*i + 28823. Is z prime?
True
Suppose -3*h = -3*u - 12, h = 2*h + 4*u + 6. Suppose -4*k + 10 = -h*k, -5*k + 35 = -5*m. Is ((-9354)/(-9))/(m/(-3)) a composite number?
False
Suppose 4*n = -g + 22319, 71*g - 76*g + 5*n + 111570 = 0. Suppose 0 = -4*z, -12*b + g = -7*b - 5*z. Is b a prime number?
True
Let q(d) = -d**3 - 2*d**2 - d - 103. Let i be q(0). Let g = i - -64. Is (-5817)/g - ((-24)/13 - -2) composite?
False
Suppose -31*n + 61285 - 7810 = 0. Let a = 3380 - n. Is a a composite number?
True
Let p(v) = 795*v + 27. Let q be p(5). Let y = -2275 + q. Is y a prime number?
False
Suppose 1484629 = 136*j - 2963523. Is j prime?
True
Let f(g) = -10*g**3 + 21*g**2 + 41*g + 40. Let m(x) = -3*x**3 + 7*x**2 + 14*x + 13. Let u(b) = 2*f(b) - 7*m(b). Is u(24